
In base 3, what is -10020212 + 0?
-10020212
In base 11, what is 83 - -24?
a7
In base 3, what is -21 - 102122121?
-102122212
In base 2, what is -1000111011110 - -11011?
-1000111000011
In base 3, what is -102 + 11001011?
11000202
In base 15, what is -a - -4556?
454b
In base 10, what is 2926 - 117?
2809
In base 11, what is 246 + 120?
366
In base 13, what is 11a - 41?
a9
In base 8, what is -11616 - -21?
-11575
In base 12, what is 15 - 133?
-11a
In base 2, what is 11000 - -10110011010010011?
10110011010101011
In base 8, what is 7 + 10314?
10323
In base 7, what is -240 - 526?
-1066
In base 16, what is -2322 + 3?
-231f
In base 16, what is -1812a1 - 3?
-1812a4
In base 10, what is -1385 + 9?
-1376
In base 4, what is -3111321232 - 0?
-3111321232
In base 8, what is -2435740 - -6?
-2435732
In base 15, what is -130 - 382?
-4b2
In base 2, what is 10000110 - 10110?
1110000
In base 9, what is -2 - 3800?
-3802
In base 11, what is -7519992 - -4?
-7519989
In base 7, what is -1116052 + -12?
-1116064
In base 11, what is -78980 + -4?
-78984
In base 14, what is -6c - 3d28?
-3d96
In base 14, what is 92c - -11b?
a49
In base 12, what is 5 - -76469?
76472
In base 13, what is 5279 - 5b?
521b
In base 7, what is 240101 + 4?
240105
In base 6, what is -135220 - -412?
-134404
In base 3, what is 102202 + -12202112?
-12022210
In base 6, what is -123 - -50220?
50053
In base 3, what is -20001011111 - 2?
-20001011120
In base 5, what is -330101 + 10?
-330041
In base 16, what is 0 + 21556?
21556
In base 4, what is -10231010 + 1022?
-10223322
In base 8, what is 6 - 717?
-711
In base 9, what is 1 - -676337?
676338
In base 9, what is -6778 - -2?
-6776
In base 12, what is 449 + -3?
446
In base 12, what is -1 + -6910?
-6911
In base 5, what is -1 + -313124?
-313130
In base 2, what is -100011000011100111 - -1000?
-100011000011011111
In base 6, what is -141432205 + -2?
-141432211
In base 5, what is -11243133 - 23?
-11243211
In base 4, what is 1031323201 + 2?
1031323203
In base 8, what is -4631 + 1200?
-3431
In base 14, what is -8 - a646?
-a650
In base 6, what is 111 + 25?
140
In base 5, what is -4 + 1024312?
1024303
In base 16, what is be9b - 7?
be94
In base 2, what is -1100 - 110100001010?
-110100010110
In base 5, what is -3141 - -44441?
41300
In base 14, what is d6a3 + -2?
d6a1
In base 4, what is -3 - 12023?
-12032
In base 13, what is -117 + -168?
-282
In base 8, what is 2527 + 24?
2553
In base 13, what is 3199b + -1?
3199a
In base 8, what is -2136 + 2?
-2134
In base 16, what is -7 - -23ac?
23a5
In base 7, what is 1501 - 26?
1442
In base 2, what is -10111110100110100 - -10000?
-10111110100100100
In base 16, what is 377 - 41?
336
In base 2, what is -10101000110001011 - -1110?
-10101000101111101
In base 6, what is -5534 + 1304?
-4230
In base 2, what is 1 + 11001000111000111010?
11001000111000111011
In base 2, what is 1011101001 + -10000001100?
-100100011
In base 13, what is -7 + 19571?
19567
In base 3, what is -222101 - 2200020?
-10122121
In base 15, what is a04b - 16?
a035
In base 10, what is 1657367 - -1?
1657368
In base 3, what is 101000111221 - -1?
101000111222
In base 7, what is 212 - -14351?
14563
In base 11, what is 31764 + -23?
31741
In base 2, what is -110001111 + 111000000101?
110001110110
In base 10, what is 14614 + -3?
14611
In base 5, what is -13 + 31410231?
31410213
In base 14, what is 2 + 2272?
2274
In base 9, what is -708 + -213?
-1022
In base 10, what is -5 - 35047?
-35052
In base 3, what is -20 - -21212220?
21212200
In base 9, what is 178 + 324?
513
In base 14, what is -313 + 12?
-301
In base 6, what is -1010 + 5314?
4304
In base 12, what is 19 + 1406?
1423
In base 4, what is 103312 - 202131?
-32213
In base 14, what is -27 - 60c?
-635
In base 12, what is -75551 - -4?
-75549
In base 3, what is -11 - 2102012210?
-2102012221
In base 3, what is 12 - -1112122221?
1112200010
In base 13, what is 288 + 188?
443
In base 9, what is 75752 + 5?
75757
In base 6, what is -45 + -23335?
-23424
In base 12, what is 1765 + -62?
1703
In base 10, what is -377 + 183?
-194
In base 10, what is 3 + -782516?
-782513
In base 3, what is -1112202 + -120?
-1120022
In base 2, what is -1000001110100 - -1?
-1000001110011
In base 3, what is 1222 + 200010?
202002
In base 6, what is -45 - -44205?
44120
In base 7, what is -136525 + 0?
-136525
In base 14, what is 1324 + -b?
1317
In base 14, what is 68 + 3bd?
447
In base 9, what is 55 - 26278?
-26223
In base 7, what is -5 - 1230413?
-1230421
In base 8, what is 5761450 + 5?
5761455
In base 2, what is 10100101100 + -101000011?
1111101001
In base 14, what is 12a3a0 - 0?
12a3a0
In base 4, what is -3 + 22133?
22130
In base 13, what is 2aab0 - -1?
2aab1
In base 15, what is 15a - -786?
8e1
In base 9, what is -254754 + -5?
-254760
In base 16, what is 17346d - 4?
173469
In base 16, what is e + 3ed?
3fb
In base 12, what is 0 + -3242?
-3242
In base 11, what is -75 - -505?
440
In base 2, what is -111110111011000010 + 10?
-111110111011000000
In base 2, what is -100 - 100000011101000101100?
-100000011101000110000
In base 12, what is 1853b3 + -6?
1853a9
In base 9, what is 46 - -1532?
1578
In base 13, what is 5686 + 3?
5689
In base 12, what is -726b3 - -3?
-726b0
In base 11, what is -127 + 770?
644
In base 14, what is -26 - 82?
-a8
In base 3, what is 1110210 - 22011?
1011122
In base 5, what is -110011010 - 10?
-110011020
In base 12, what is 6 - -4a7b?
4a85
In base 7, what is -355150 - 11?
-355161
In base 9, what is -4356 + -686?
-5153
In base 14, what is -7204 - -1?
-7203
In base 10, what is -9 - 23571?
-23580
In base 9, what is -22731 + 2?
-22728
In base 3, what is -1021 - -1011?
-10
In base 9, what is 364 - 342?
22
In base 9, what is 382281 + 0?
382281
In base 16, what is -1 + -70d6?
-70d7
In base 7, what is -1 - 2130533?
-2130534
In base 14, what is b944 - -5?
b949
In base 3, what is 12 - 1012022121?
-1012022102
In base 15, what is -30 - d00?
-d30
In base 12, what is 164a + -50?
15ba
In base 12, what is 0 - 127a?
-127a
In base 13, what is -1 + -836a2?
-836a3
In base 14, what is -5b27 - 5?
-5b2c
In base 5, what is -4342 - -111410?
102013
In base 4, what is 10 - -313213132?
313213202
In base 11, what is -6a19 + -10?
-6a29
In base 8, what is -110 + 4160?
4050
In base 16, what is -5 + -3522?
-3527
In base 9, what is 1 - 165617?
-165616
In base 13, what is 56 + -a5b?
-a05
In base 11, what is 5 + -17145a?
-171455
In base 16, what is 7 + 3f6fd?
3f704
In base 13, what is -719b + 1?
-719a
In base 6, what is 20 - -111030?
111050
In base 16, what is -1185 - -6?
-117f
In base 12, what is 4 - -b92a7?
b92ab
In base 7, what is 130114 + 21?
130135
In base 10, what is 2 + -31655?
-31653
In base 13, what is 5 - 28194?
-2818c
In base 16, what is 1d + eb3?
ed0
In base 12, what is b36a - -48?
b3b6
In base 4, what is 1210110 + -10?
1210100
In base 10, what is -5 - 1317434?
-1317439
In base 3, what is -12221 - 200?
-20121
In base 11, what is 5095a3 + 5?
5095a8
In base 2, what is -1011000000000 - 101?
-1011000000101
In base 13, what is -4225 - b?
-4233
In base 6, what is 1 + 3125545?
3125550
In base 5, what is -11102 - -4422?
-1130
In base 9, what is -1707038 - 2?
-1707041
In base 10, what is 1 - -84340?
84341
In base 11, what is -1020 - -111?
-a0a
In base 5, what is -2 - 343403?
-343410
In base 14, what is 2a - -2010?
203a
In base 2, what is -110110111 - 11000000110000?
-11000111100111
In base 11, what is 513a + -6?
5134
In base 7, what is -414 + -424?
-1141
In base 12, what is 4b98 + -4?
4b94
In base 13, what is 988 - -4a?
a05
In base 14, what is -340 + 957?
617
In base 10, what is 912198 + 3?
912201
In base 13, what is -5bc4 - 43?
-5c37
In base 3, what is 202 + 2112?
10021
In base 9, what is -17 - 137654?
-137672
In base 16, what is -13 - -46d?
45a
In base 7, what is -42506 + 2?
-42504
In base 2, what is -110111011100000 + -1100?
-110111011101100
In base 9, what is -162563 - 0?
-162563
In base 8, what is 42 - -3725?
3767
In base 12, what is 4 + 19b919?
19b921
In base 7, what is 1656 - 44111?
-42122
In base 11, what is 50 + 363?
403
In base 16, what is ef9d - 5?
ef98
In base 5, what is -1 - -23331323?
23331322
In base 8, what is -21 - -350450?
350427
In base 14, what is -88 + 8?
-80
In base 3, what is 10012022221 - 1221?
10012021000
In base 7, what is -326105 + 2?
-326103
In base 16, what 